ed by 12?
9
Suppose -4*h + 136 = 4. Let v = -43 - -52. Calculate the remainder when h is divided by v.
6
Let j be ((-9)/6 + 4)*2. Suppose 9 = 3*h + u, -2*h - j*u + 28 = 9. Calculate the remainder when h/((-2)/(-2)) + 15 is divided by 5.
2
Calculate the remainder when (48/(-20))/((-4)/10) + 282 is divided by 58.
56
Let p(w) = -4*w - 6. Let l be p(33). What is the remainder when (l/9)/(4/(-18)) is divided by 25?
19
Suppose 2*b + 8 = 0, 0 = 4*v - 2*v - 3*b - 16. Suppose -41 - 7 = -2*s - 5*z, 0 = -4*s + v*z + 120. Calculate the remainder when s is divided by 15.
14
Let o(l) = 28*l - 324. What is the remainder when o(21) is divided by 90?
84
Let i(g) = g**3 - 4*g**2 + 5*g - 7. Let w be i(5). Let d = w - 14. Let l(o) = o**3 - 2*o**2 + 2*o + 1. Calculate the remainder when d is divided by l(3).
13
Let h(x) = 4*x**2 - 4*x + 9. What is the remainder when (-3)/(-2)*(-334)/(-3) is divided by h(2)?
14
Let d(t) = 9*t**2 + 4*t + 7. Let u be d(-2). Suppose 2*x + 3*x - u = 0. Calculate the remainder when x is divided by 6.
1
Let n(x) = x**3 - 17*x**2 + 22*x - 64. Calculate the remainder when n(18) is divided by 11.
7
Suppose 0*l = 2*n + 3*l + 15, 0 = -5*n + 4*l - 49. Let m = n - -17. Calculate the remainder when 4/14 + (-477)/(-21) is divided by m.
7
Let g = -361 - -391. What is the remainder when 186 is divided by g?
6
Let k = -3 + 20. Let v = 448 - 383. Calculate the remainder when v is divided by k.
14
Let z(n) be the second derivative of 7*n**3/6 - 2*n**2 + 2*n. Suppose -5*w + 144 = -f - 6, -150 = -5*w - f. What is the remainder when w is divided by z(3)?
13
Let d = 2730 + -2493. What is the remainder when d is divided by 16?
13
Let b(x) = -76*x**3 + 10*x**2 + 18*x + 5. Calculate the remainder when b(-2) is divided by 29.
8
Suppose 3*x - 9 = 0, -5*b + 2*x = x - 267. Calculate the remainder when 54 is divided by b.
0
Let s(b) = b**3 + 4*b**2 + 2*b + 2. Let y be s(-3). Suppose -i + 11 = 2*k, 4*i = y*k + 3*i - 24. Calculate the remainder when 13 is divided by k.
3
Let c be 2 + -1*2 - 0. Suppose 4*v + h - 212 = 0, c*v - 4*h - 265 = -5*v. Calculate the remainder when v is divided by (-14)/70*10/4*-28.
11
Let k(r) = r + 10. Suppose -3*q = 2*m - 40, q + 5 = -q + 5*m. Suppose 0 = 5*t + p - q, 0*p + 4 = 2*t + 2*p. What is the remainder when k(-5) is divided by t?
1
Suppose -4*i = -78*p + 80*p - 314, 228 = 3*i - p. Calculate the remainder when i is divided by 13.
12
Let v(o) be the second derivative of -o**4/4 - 49*o**3/6 + 7*o**2 + o - 1. What is the remainder when 359 is divided by v(-16)?
29
Let o(x) = 11*x**2 + x - 2. Let m be ((-12)/15)/((-2)/230). Suppose -7 + m = 5*p. Calculate the remainder when p is divided by o(1).
7
Suppose -195 = -z + 2*j, 5*z - 2*j - 160 = 847. Calculate the remainder when z is divided by 28.
7
What is the remainder when -8*22/32*(-1 - 11) is divided by 42?
24
Suppose -3*d - 2*d + 76 = -44. Let r(s) = 3*s**2 + 2*s + 4. Calculate the remainder when r(-5) is divided by d.
21
Suppose 3*i = -m + 34, -3*i = -m - 2*m + 138. Let u = m + 26. What is the remainder when u is divided by 18?
15
Let j(q) = -q**3 - 7*q**2 - 8*q - 8. Let f be j(-6). Suppose -2*p + 112 = -f*d + 6, p - 3*d = 50. Calculate the remainder when p is divided by 20.
19
Let d = 23 - -7. What is the remainder when 116 is divided by d?
26
Suppose m + 5 = 34. Let g(h) = h**3 + 16*h**2 - 19*h - 17. What is the remainder when m is divided by g(-17)?
12
Suppose 0 = 105*i - 104*i + 4*p - 168, -5*p - 336 = -2*i. What is the remainder when i is divided by 64?
40
Suppose -93 = 5*r - 618. Suppose 3*i + r = 4*g, 3*g + g = 4*i + 108. What is the remainder when 117 is divided by g?
21
Let q(r) = 101*r - 20. What is the remainder when q(3) is divided by 71?
70
Let o = 63 - 28. Calculate the remainder when 0 + -2 - -43 - 3 is divided by 40/14*o/10.
8
Suppose -5*z - 235 = -10*z. What is the remainder when 185 is divided by z?
44
Suppose -7 = -i + 58. Suppose z - 4*d + 3*d = 10, 0 = -3*z - 4*d + i. Calculate the remainder when 36 is divided by z.
6
Suppose 810 = 5*w - 505. Calculate the remainder when w is divided by 30.
23
Let q = 20 + -13. Let b = q + -2. Suppose b*m = 182 + 118. What is the remainder when m is divided by 31?
29
Let i = 12 + -8. Let p be (-1 + i - 4) + 136. Suppose -6*w + w = -p. What is the remainder when w is divided by 15?
12
Suppose -5*b + 20 = -15. Let f(h) be the third derivative of 5*h**4/24 - 2*h**3 - 2*h**2. What is the remainder when f(7) is divided by b?
2
Suppose 777 = 5*j - q, 4*j + 2*q + 236 - 866 = 0. Suppose -3*p + 7*p = -j. Let s = -26 - p. What is the remainder when 25 is divided by s?
12
Let f = -3 + 0. Let n(m) = 2*m**2 + 6*m + 13. Calculate the remainder when 101 is divided by n(f).
10
What is the remainder when 4/(80/(-2380)*(-1)/2) is divided by 58?
6
Let s(l) = -l**2 - 17*l + 731. Calculate the remainder when 172 is divided by s(19).
31
Calculate the remainder when (12 - 15)*(-491)/3 is divided by 45.
41
Suppose 1948 = 3*h - 2*l - 1121, -2045 = -2*h + l. Calculate the remainder when h is divided by 32.
29
Let c(f) = -6*f - 56. Calculate the remainder when c(-19) is divided by 30.
28
Suppose 4*z - 3*z - 3*h = 23, -51 = -3*z + 3*h. Suppose -13*j + 265 = -2*j - 6*j + x, 0 = -4*x. What is the remainder when j is divided by z?
11
Suppose -q - 408 + 438 = 0. Suppose -171 = 5*x - 751. Calculate the remainder when x is divided by q.
26
Suppose -i = 2*m - 775, m - 424 = -i + 353. What is the remainder when i is divided by 131?
124
Let q(d) = 3*d - 11. Let t be 16 - (-4 + -4 + 10). What is the remainder when q(t) is divided by 18?
13
What is the remainder when 9 + -4 + 63 + (1 - 0) is divided by 25?
19
Suppose 65 = -x + 5*n, -x + 3*x = 5*n - 120. Calculate the remainder when (222/5)/((-22)/x) is divided by 14.
13
Calculate the remainder when (-2)/11 + 748/121 - -221 is divided by 53.
15
Suppose -2*t + 190 = -3*w + 8*w, 5*t + 25 = 0. Suppose 3*b - w = -13. What is the remainder when 16 is divided by b?
7
Suppose -6 = -27*k + 372. What is the remainder when 52 is divided by k?
10
Suppose f + 23 - 56 = 0. Suppose 14 = -31*q + f*q. Let x(h) = -7*h + 4. Calculate the remainder when x(-3) is divided by q.
4
Suppose -q + 752 = 3*y, -4*q = 12*y - 10*y - 508. Calculate the remainder when y is divided by 6.
4
Let a(r) = -r**3 - 4*r**2 + 26*r + 163. Calculate the remainder when a(-7) is divided by 12.
8
Let f be 4 - ((-8)/2 + 5). Suppose f*v = v, -2*m - 4*v = -38. Calculate the remainder when m is divided by 3.
1
Suppose -3*x + 65 = 5*u, u - 2*x + 15 = 3*x. What is the remainder when 64 is divided by u?
4
Suppose 67*p + 20 = 72*p. Calculate the remainder when 20 is divided by p.
0
Calculate the remainder when 96 is divided by 23/(1035/(-162))*-10.
24
Let s(x) = x**3 - 3*x + 3. Let z be s(2). Suppose z*b + y + 30 = 0, 0 = 4*y + y. Calculate the remainder when (-287)/(-3) - 8/b is divided by 25.
22
Let m(a) = 2*a**2 + 4*a - 1. Let z be m(-3). Suppose 2*t + 255 = z*t. Suppose 0 = 8*h - 131 - 45. Calculate the remainder when t is divided by h.
19
Let z = -192 + 212. Suppose 5*a = -l + 36, -l + 2 + 13 = 2*a. Suppose -a*y + 3*y + 28 = 0. What is the remainder when z is divided by y?
6
Let s(c) be the second derivative of 7*c**3/6 - 21*c**2 - 8*c. What is the remainder when s(12) is divided by 11?
9
Let w = -170 + 271. What is the remainder when w is divided by 37?
27
Let r(t) = -2*t - 1. Suppose -5*p - 12 = -107. Calculate the remainder when p - 1 - 6/2 is divided by r(-2).
0
Suppose -7 - 13 = -a. Calculate the remainder when (0 - -2)/(a/300) is divided by 16.
14
Let z = 69 + -9. Calculate the remainder when z is divided by (0 - 14)*(-588)/392.
18
Suppose 13 = 3*u - 2. Let p(l) be the first derivative of -l**4/4 + 5*l**3/3 + 5*l**2/2 - 2*l + 1. What is the remainder when p(u) is divided by 6?
5
Let i = 1426 + -918. What is the remainder when i is divided by 102?
100
Let g(i) be the first derivative of 2*i**3/3 + 5*i**2/2 - 6*i + 14. What is the remainder when g(5) is divided by 14?
13
Suppose 2*d - x - 105 = 0, -112 - 91 = -4*d - 5*x. What is the remainder when 302 is divided by d?
42
Let x(a) = -2*a**3 - a. Calculate the remainder when 9 + 2 + -5 + 3 is divided by x(-1).
0
Let d be (19 - 18)*10/2. Suppose w + 85 = 2*w - d*h, 2*h = -2*w + 146. Calculate the remainder when 